{"id":243,"date":"2020-08-12T14:42:37","date_gmt":"2020-08-12T14:42:37","guid":{"rendered":"https:\/\/centralchicapartments.com\/index.php\/gallery\/"},"modified":"2020-08-13T09:24:38","modified_gmt":"2020-08-13T09:24:38","slug":"galeria","status":"publish","type":"page","link":"https:\/\/centralchicapartments.com\/index.php\/galeria\/?lang=sq","title":{"rendered":"Galeria"},"content":{"rendered":"<div class=\"wpb-content-wrapper\"><p>[vc_row bg_type=&#8221;bg_color&#8221; bg_override=&#8221;ex-full&#8221; css=&#8221;.vc_custom_1597243366262{padding-top: 50px !important;padding-bottom: 50px !important;background-color: #f7f7f7 !important;}&#8221; bg_color_value=&#8221;#f7f7f7&#8243;][vc_column css=&#8221;.vc_custom_1597239652427{padding-top: 40px !important;padding-bottom: 40px !important;}&#8221;][vc_media_grid element_width=&#8221;3&#8243; gap=&#8221;10&#8243; grid_id=&#8221;vc_gid:1597243372064-e93adc33-5df6-9&#8243; include=&#8221;198,206,222,210,194,207,208,166&#8243;][\/vc_column][\/vc_row]<\/p>\n<p>[vc_row bg_type=&#8221;image&#8221; parallax_style=&#8221;vcpb-default&#8221; bg_image_new=&#8221;id^53|url^https:\/\/centralchicapartments.com\/wp-content\/uploads\/2020\/08\/footer.jpg|caption^null|alt^null|title^footer|description^null&#8221; bg_img_attach=&#8221;fixed&#8221; bg_override=&#8221;ex-full&#8221;][vc_column css=&#8221;.vc_custom_1597226787269{padding-top: 80px !important;padding-bottom: 80px !important;}&#8221;][vc_row_inner][vc_column_inner width=&#8221;1\/6&#8243;][\/vc_column_inner][vc_column_inner width=&#8221;2\/3&#8243; css=&#8221;.vc_custom_1597227841393{padding-top: 70px !important;padding-bottom: 70px !important;background-color: rgba(200,177,123,0.51) !important;*background-color: rgb(200,177,123) !important;}&#8221;][vc_custom_heading text=&#8221;Kontakt&#8221; font_container=&#8221;tag:h1|text_align:center|color:%23ffffff&#8221; use_theme_fonts=&#8221;yes&#8221;][vc_custom_heading text=&#8221;P\u00ebr m\u00eb shum\u00eb informacion mos hezitoni t\u00eb na kontaktoni&#8221; font_container=&#8221;tag:h3|text_align:center|color:%23ffffff&#8221; use_theme_fonts=&#8221;yes&#8221;][vc_empty_space height=&#8221;20px&#8221;][vc_btn title=&#8221;Na Kontaktoni&#8221; style=&#8221;outline-custom&#8221; outline_custom_color=&#8221;#ffffff&#8221; outline_custom_hover_background=&#8221;#ffffff&#8221; outline_custom_hover_text=&#8221;#c8b17b&#8221; align=&#8221;center&#8221; link=&#8221;url:https%3A%2F%2Fcentralchicapartments.com%2Findex.php%2Fkontakt%2F%3Flang%3Dsq|title:Kontakt||&#8221;][\/vc_column_inner][vc_column_inner width=&#8221;1\/6&#8243;][\/vc_column_inner][\/vc_row_inner][\/vc_column][\/vc_row]<\/p>\n<\/div>","protected":false},"excerpt":{"rendered":"<p>[vc_row bg_type=&#8221;bg_color&#8221; bg_override=&#8221;ex-full&#8221; css=&#8221;.vc_custom_1597243366262{padding-top: 50px !important;padding-bottom: 50px !important;background-color: #f7f7f7 !important;}&#8221; bg_color_value=&#8221;#f7f7f7&#8243;][vc_column css=&#8221;.vc_custom_1597239652427{padding-top: 40px !important;padding-bottom: 40px !important;}&#8221;][vc_media_grid element_width=&#8221;3&#8243; gap=&#8221;10&#8243; grid_id=&#8221;vc_gid:1597243372064-e93adc33-5df6-9&#8243; include=&#8221;198,206,222,210,194,207,208,166&#8243;][\/vc_column][\/vc_row] [vc_row bg_type=&#8221;image&#8221; parallax_style=&#8221;vcpb-default&#8221; bg_image_new=&#8221;id^53|url^https:\/\/centralchicapartments.com\/wp-content\/uploads\/2020\/08\/footer.jpg|caption^null|alt^null|title^footer|description^null&#8221; bg_img_attach=&#8221;fixed&#8221; bg_override=&#8221;ex-full&#8221;][vc_column css=&#8221;.vc_custom_1597226787269{padding-top: 80px !important;padding-bottom: 80px !important;}&#8221;][vc_row_inner][vc_column_inner width=&#8221;1\/6&#8243;][\/vc_column_inner][vc_column_inner width=&#8221;2\/3&#8243; css=&#8221;.vc_custom_1597227841393{padding-top: 70px !important;padding-bottom: 70px !important;background-color: rgba(200,177,123,0.51) !important;*background-color: rgb(200,177,123) !important;}&#8221;][vc_custom_heading text=&#8221;Kontakt&#8221; font_container=&#8221;tag:h1|text_align:center|color:%23ffffff&#8221; use_theme_fonts=&#8221;yes&#8221;][vc_custom_heading text=&#8221;P\u00ebr m\u00eb shum\u00eb informacion mos hezitoni t\u00eb na kontaktoni&#8221; font_container=&#8221;tag:h3|text_align:center|color:%23ffffff&#8221;&hellip;<\/p>\n","protected":false},"author":1,"featured_media":0,"parent":0,"menu_order":0,"comment_status":"closed","ping_status":"closed","template":"","meta":{"footnotes":""},"class_list":["post-243","page","type-page","status-publish","hentry","description-off"],"_links":{"self":[{"href":"https:\/\/centralchicapartments.com\/index.php\/wp-json\/wp\/v2\/pages\/243","targetHints":{"allow":["GET"]}}],"collection":[{"href":"https:\/\/centralchicapartments.com\/index.php\/wp-json\/wp\/v2\/pages"}],"about":[{"href":"https:\/\/centralchicapartments.com\/index.php\/wp-json\/wp\/v2\/types\/page"}],"author":[{"embeddable":true,"href":"https:\/\/centralchicapartments.com\/index.php\/wp-json\/wp\/v2\/users\/1"}],"replies":[{"embeddable":true,"href":"https:\/\/centralchicapartments.com\/index.php\/wp-json\/wp\/v2\/comments?post=243"}],"version-history":[{"count":4,"href":"https:\/\/centralchicapartments.com\/index.php\/wp-json\/wp\/v2\/pages\/243\/revisions"}],"predecessor-version":[{"id":271,"href":"https:\/\/centralchicapartments.com\/index.php\/wp-json\/wp\/v2\/pages\/243\/revisions\/271"}],"wp:attachment":[{"href":"https:\/\/centralchicapartments.com\/index.php\/wp-json\/wp\/v2\/media?parent=243"}],"curies":[{"name":"wp","href":"https:\/\/api.w.org\/{rel}","templated":true}]}}